*n + 7*u - 3*u + 456, 0 = -4*n - 5*u + 608. Calculate the remainder when n is divided by 93.
59
Suppose -t + 1174 = 4*t + 4*g, -5*g - 931 = -4*t. Calculate the remainder when t is divided by 47.
46
Suppose 6*m - 123 = 27. Calculate the remainder when 273 is divided by m.
23
Suppose -2*l + 4*v + 34 = 0, -4*l + 4*v + 76 - 8 = 0. Suppose -g - 37 = -r - 5*g, 5*g = 5*r - 235. Calculate the remainder when r is divided by l.
11
Let m(r) = r + 3. Suppose 11*h = 161 + 92. What is the remainder when h is divided by m(5)?
7
Let n(m) = m**3 - 3*m**2 + 4*m - 15. Let p be n(6). Suppose 8*r - p = 5*r. What is the remainder when r is divided by 11?
6
Let f(o) = 15*o**2 + 1. Let r = 58 + -60. Calculate the remainder when 118/2 + 4 + r + 0 is divided by f(1).
13
Let x(d) = -3*d - 1. Suppose -3 + 1 = c. Suppose -4*h + o + 28 = -3*h, 5*o - 52 = -3*h. Calculate the remainder when h is divided by x(c).
4
Suppose u - 4*u + 36 = 0. Suppose 5*c = -c + u. Calculate the remainder when 10 is divided by c.
0
Let c(f) = 2*f + 27. What is the remainder when c(39) is divided by 19?
10
Let h(q) = q**3 - 7*q**2 - 9*q + 10. Let s be h(8). Suppose u = s + 2. Suppose -41 = -3*p + u. Calculate the remainder when p is divided by 4.
3
Suppose 0 = 787*d - 772*d - 2715. What is the remainder when d is divided by 87?
7
Suppose c - 64 = -3*x, 23*c = 21*c - x + 118. What is the remainder when 984 is divided by c?
56
Let u(a) = 2*a**2 + 3*a + 1. Let k be u(-2). Suppose z = -z + 4, 14 = k*f - 5*z. What is the remainder when (-205)/(-7) - 10/35 is divided by f?
5
Let z = -14 - -16. Suppose 0*l - z*l = -18. What is the remainder when l is divided by 6?
3
Let h(x) = -12 + 19 + 2*x - 19. Let l be h(9). Calculate the remainder when (3 + (-14)/l)*75 is divided by 13.
11
What is the remainder when (2446 - (-48)/8)*3/12 is divided by 56?
53
Suppose 0 = 3*l - 2*b + 46, 5*l + 4*b = -156 + 50. Let s be (-8)/6 + 1920/l. Calculate the remainder when 7*(s/(-21) - 4) is divided by 4.
0
Let w(n) = -3 - 2*n**3 - n**3 + 5*n**3 + n**2 - n**3. Calculate the remainder when 40 is divided by w(3).
7
Suppose -47 = -456*p + 455*p. What is the remainder when p is divided by 13?
8
Let m = -170 - -271. What is the remainder when m is divided by 55?
46
Suppose -r - p + 112 = -290, -2*p - 1982 = -5*r. What is the remainder when r is divided by 67?
63
Suppose -5*w = -2*n - 29, 2*n = 1 + 5. Let l be (2 + -1)/(w/49). Suppose 4*r - 85 - l = 0. Calculate the remainder when 90 is divided by r.
21
Let i = 743 - 628. What is the remainder when i is divided by 15?
10
Suppose 4*n = -0*k - 5*k + 379, -389 = -4*n - 3*k. Let j = -40 + n. Let h(m) = 2*m**2 - 2*m + 4. Calculate the remainder when j is divided by h(3).
13
Suppose -5*k - 5*u = 235, -5*k + 3*u - 267 = -0*k. Let y(w) = w**2 + 2*w + 7. What is the remainder when y(-6) is divided by (k/12)/((-2)/8)?
14
Let m = -168 - -181. Calculate the remainder when 36 is divided by m.
10
Suppose -d - 2*d + 276 = 0. Suppose -3*p + 1 = 2*r + 6, -4*r - 50 = -2*p. Calculate the remainder when 29 is divided by 80/100 - d/r.
9
Suppose 41 = 2*y - s, -3*y + 3*s = y - 77. Calculate the remainder when (-190)/25*(-9 - 6) is divided by y.
22
Let k be 925/148 - 2/((-16)/(-2)). Let f(w) = 2*w + 1. Let x be f(2). Suppose -x*s = -k*s + 17. What is the remainder when 49 is divided by s?
15
What is the remainder when ((-2)/2)/((-2)/42) is divided by 1/2 - (-243)/(-72)*-4?
7
Suppose 0 = -4*h + 5*t + 181, -5*h - 7*t + 205 = -9*t. What is the remainder when 126 is divided by h?
9
Let s(b) = b**2 - 6*b - 6. Let x be s(-5). Let o = x + -35. What is the remainder when 67 is divided by o?
11
Let w = 5 + -1. Let r(a) = -a**3 - 14*a**2 - 49*a + 2. Calculate the remainder when r(-8) is divided by w.
2
Suppose 0 = 66*c - 35*c - 1147. Calculate the remainder when 961 is divided by c.
36
Suppose -45 = h - 85. Suppose -2*v = -6*v + h. Calculate the remainder when 35 is divided by v.
5
Suppose 5*t = t + 92. Suppose -2*y = -6*y + 60. Calculate the remainder when t is divided by y.
8
Suppose -2*y - 55 + 17 = 0. Calculate the remainder when ((-13 - y)/((-3)/(-20)))/1 is divided by 14.
12
Let q = -24 - -28. Let h(a) = 12*a - 1. Calculate the remainder when h(q) is divided by 6.
5
Suppose 3*r + 3*l = 123, 2*l = 3*r + l - 127. Let x(c) = -2*c**2 - 7*c - 5. Let d be x(-4). Let s = d + r. Calculate the remainder when s is divided by 9.
6
Let y = -67 - -40. Let s = 32 + y. Calculate the remainder when 13 is divided by s.
3
Let u(b) = 7*b**2 + 11*b + 30. Let k = 84 + -50. What is the remainder when u(-4) is divided by k?
30
Suppose x = -0*x + 4. Suppose -4 = -x*t, -v = 2*t - 3 - 5. Suppose -4*o + z + 7 = 1, 0 = 4*o - 4*z. What is the remainder when v is divided by o?
0
Let z be (-3 - -6 - -11)/((-2)/(-12)). Suppose -3*m + d + z = 0, 5*d = d. Calculate the remainder when 138 is divided by m.
26
Suppose -61*c = -48*c - 377. What is the remainder when c is divided by 4?
1
Suppose 6*d + 7 = 25. Let u(r) = r**2 - r - 3. Let p be u(d). Let o(b) = 2*b**2 - 2*b + 4. Calculate the remainder when 63 is divided by o(p).
15
Suppose 4*w - 78 = 3*t, -w - 3*t + 3 = -9. What is the remainder when 59 is divided by w?
5
Let v(b) = 4*b + 17*b**2 - 3*b - 1 + b. Let o(i) = 2*i**2 + 2*i + 1. Calculate the remainder when o(4) is divided by v(-1).
13
Let w = -611 + 733. Calculate the remainder when w is divided by 67.
55
What is the remainder when 39 is divided by (-2 + (-35)/(-10))*16?
15
Let f(a) be the second derivative of -3*a**2 - 2*a**3 + 1/20*a**5 - 6*a + 3/4*a**4 + 0. What is the remainder when 54 is divided by f(-10)?
12
Suppose -646 = 5*j - 9*j - q, 2*q = 3*j - 479. Calculate the remainder when 658 is divided by j.
14
Suppose 0 = 6*d + 44 - 218. Let o(i) = -15*i - 7. What is the remainder when o(-6) is divided by d?
25
Suppose -3*h + 443*j - 447*j = -45, 4*h - 56 = -4*j. Let k(x) = -x - 3. Let q be k(-3). Calculate the remainder when 6/(-8)*(-24 + q) is divided by h.
7
Suppose -b = 1181 - 1201. What is the remainder when 118 is divided by b?
18
Let m = -89 - -110. Calculate the remainder when 207 is divided by m.
18
Suppose -6958*l + 1719 = -6949*l. What is the remainder when l is divided by 6?
5
Suppose -2*j + 4*b + 22 = 0, 5*j + 3*b - 42 - 65 = 0. Suppose 5*g + 4 = j. Suppose -28 - 2 = -g*z. Calculate the remainder when 28 is divided by z.
8
Let r(z) = -z**3 - 6*z**2 + 13*z - 8. Let h be r(-8). Suppose h = -3*f - 38. Calculate the remainder when (f/10)/(15/(-50)) is divided by 4.
2
Let i(n) = 2*n + 10. Let j be i(-4). What is the remainder when ((-13)/(-26))/(j/76) is divided by 7?
5
Let f(r) = -6*r - 22. Calculate the remainder when 95 is divided by f(-10).
19
Let a(o) = -13*o + 8 + 11*o**2 - 12*o**2 - 3*o**3 + 2*o**3 - 8*o**2. Calculate the remainder when 1 is divided by a(-7).
0
Let m = 3317 + -2375. Calculate the remainder when m is divided by 59.
57
Suppose 0 = 3*n - 6. Suppose -n*b - 23 + 31 = 0. Suppose 3*c = -6, -3*c - 210 = -b*x - 56. What is the remainder when x is divided by 10?
7
Let u be (21/14)/((-3)/(-4)). Suppose 215 = 3*q + 2*d, -q = q - u*d - 150. Let z = -14 - -39. What is the remainder when q is divided by z?
23
Let j(m) = 4*m**2 + 5. Suppose 0 = 2*u - 3*n - 3, 5*u + 2*n + 25 = 3*n. Calculate the remainder when j(u) is divided by 38.
35
Suppose 16*k - 19*k = -48. What is the remainder when 46 is divided by k?
14
Let o be (-2)/3 - (-88)/24. Suppose -3*z + o + 6 = 0. Calculate the remainder when 0 + -18*z/(-6) is divided by 6.
3
Let r = -29 + 56. Let j = r - 19. Calculate the remainder when 19 is divided by j.
3
Let f = -25 + 1. Let g(j) = j**3 + 25*j**2 + 24*j + 35. Calculate the remainder when g(f) is divided by (-6)/(-21) - (-248)/14.
17
Let v(c) = -8*c + 55. What is the remainder when 63 is divided by v(4)?
17
Suppose 5*t + 47 = j - 26, -t - 101 = -2*j. Calculate the remainder when 149 is divided by j.
5
Suppose -5*a - 28 = -4*z, 6*z - 4*z + 2*a = -4. Suppose 4*c + 5*w = 99, -2 - 4 = -z*w. What is the remainder when 39 is divided by c?
18
Suppose 3*i = t + 107, 0*t + 2*t = -4*i + 126. Calculate the remainder when i is divided by 16.
2
Suppose -17*c + 10*c - 133 = 0. What is the remainder when 62 is divided by (3/5)/(c/(-285))?
8
Let d = -22 + 7. Let i = d + 9. Let w = i - -13. What is the remainder when 32 is divi